Suppose 5*o - 3266 - 1318 = -4*a, -a = 4. Let b(v) = 0*v + 931 - o + 2*v. Determine b(-8).
-5
Let w be (-1 - 1)*(-10)/20. Let o(f) = -2*f**3 - 39 - 2*f + 40 - 2*f**3 + 9*f**3. What is o(w)?
4
Let s be 2/(-16) + (-873)/(-72). Suppose -7*l + 5*l = -s. Let o(z) = z**3 - 7*z**2 + 7*z - 3. Calculate o(l).
3
Let g = -26 + 28. Let x(b) = -55 + 32 + 28 + g*b. What is x(-7)?
-9
Suppose 0 = 4*z + j + 158, -z - 32 = -0*z + 4*j. Let u = 37 + z. Let o(a) = -2*a - 4. Determine o(u).
2
Let g = 31 + -19. Let a be 75/20 - (-3)/g. Let p(w) = -w**3 + 5*w**2 - 5*w - 2. Give p(a).
-6
Suppose g - 5 = v, -3*v - 340 = -5*g - 311. Let d(i) = i**2 - 4*i - 13. Give d(g).
8
Let m be 5 - (-2)/(-2)*-1*-3. Let q(b) = 240*b + 5 - 1 - 244*b + m. Calculate q(4).
-10
Let h(s) = 9*s**3 + 7*s**2 + 7*s - 1. Let d(t) = 0*t - 3*t - 4*t**2 - 4*t**3 + 2*t - 3*t. Let u(l) = 7*d(l) + 3*h(l). Give u(-6).
3
Let x(o) = -o**2 + 3*o + 4. Let q be x(4). Let p(w) = -1 + 7 - 10*w + 11*w. Calculate p(q).
6
Let k(c) be the second derivative of c**3/3 + 19*c**2/2 - 177*c. Determine k(-12).
-5
Suppose -12 = -3*z - 5*d, -d = -4*z - 3*d + 16. Let w be (-15)/(-6)*z/5. Let b(c) = 5*c + c**w + 0*c - c + 3. Calculate b(-2).
-1
Let f(g) be the second derivative of g**4/12 - 5*g**3/6 - 2*g**2 + 26*g - 3. What is f(6)?
2
Let v(u) = 3*u - 2. Let l(s) = 5*s**2 + 11*s - 6. Let c(y) = 4*y**2 + 10*y - 6. Let b(h) = -4*c(h) + 3*l(h). Let p be b(-8). Give v(p).
-8
Let t(q) = -4 - 10*q + q**3 - 1 + 7*q + 4*q**2. Let z be (6/9)/(1/(-6)). What is t(z)?
7
Let i(d) be the first derivative of -d**7/840 - d**6/180 + d**5/60 + d**4/12 - 10*d**3/3 + 20. Let j(m) be the third derivative of i(m). Calculate j(-3).
5
Let v(s) = 2*s**2 + 2*s - 2. Let y(l) = l**3 + 4*l**2 + 4*l + 3. Let f be y(-3). Suppose 4*o = -f*o + 24. Suppose -o*w - 13 = -1. What is v(w)?
2
Let b(w) be the second derivative of 1/12*w**4 - 16*w + 1/2*w**3 - 2*w**2 + 0. Calculate b(-5).
6
Suppose 5*s = 5*v + 25, v = -4*s + 4*v + 25. Let k(i) = 2 - i + 0 - 6*i + s*i. Determine k(2).
8
Let v(p) = p**3 - 2. Suppose -18 = -d - 2*d. Let w(g) = g**2 - 6*g + 2. Let y be w(d). What is v(y)?
6
Let a(q) = -32*q**2 + 11*q + 15. Let y(f) = -14*f**2 + 5*f + 7. Let l(c) = -4*a(c) + 9*y(c). Calculate l(-2).
9
Let i(t) = -19*t - 1. Let n(c) = -10*c - 11. Let p be n(-1). Give i(p).
18
Suppose 0 = -5*c + 3*i + 13, -i - i = -8. Suppose -3 = 4*k - 3*t, 22 = c*k + 5*t - 18. Let n(s) = -s**2 - 3. What is n(k)?
-12
Let s(j) be the first derivative of -j**4/4 - 7*j**3/3 - 4*j**2 - 5*j + 64. What is s(-6)?
7
Suppose -5*q - 2*p = -23 + 1, q + 2*p = -2. Suppose -9 = 3*g - q. Let z(o) be the third derivative of -o**5/60 + o**4/24 + o**3/6 - 2*o**2. Determine z(g).
-1
Suppose 0*i - i = -3*t + 8, -4*i - 6 = t. Suppose 0 = 2*n - 3*n + 1. Let z be n/(-1 + i/(-3)). Let x(u) = -u**2 + u + 3. Give x(z).
-9
Let j(x) = 3*x**3 - x**2 - 3*x - 3. Let k(h) = h**3 + h**2 - 3. Let b(z) = j(z) - 2*k(z). Let l(r) = r**3 - 10*r**2 - 12*r + 14. Let g be l(11). Give b(g).
-6
Let h(p) be the second derivative of p**4/6 + 5*p**3/6 + 2*p**2 + 7*p + 1. Let y be ((-6)/8)/(2/8). Let o = -6 - y. What is h(o)?
7
Let i(x) = x + 4. Let l = -37 - -38. Suppose -3 + l = r. Determine i(r).
2
Let f be 16/12*(-189)/(-28). Let z(h) = h**3 - 9*h**2 + h - 13. Calculate z(f).
-4
Let z(l) be the third derivative of 4*l**5/15 + l**3/6 + 256*l**2. Determine z(1).
17
Let h be (-224)/(-22) - 10/55. Let c(m) = -2*m - m - 3*m**2 + 3 + 4*m**2 + h*m. Suppose -10*v + 15 = 65. What is c(v)?
-7
Let q(h) = h + 3. Suppose 3*i + 35*b = 39*b - 20, -4*i - 2*b = -10. What is q(i)?
3
Let i be (-64)/(-6) + (5 - (-85)/(-15)). Let v = i + -13. Let f(k) = k**2 + k - 2. What is f(v)?
4
Let l(x) = x**2 - 8*x + 8. Suppose 0 = -2*s + 25 - 3. Let f be (s - -1)/(9/6). Let c = -2 + f. Calculate l(c).
-4
Let b(m) = 3*m**2 + 4*m + 60*m**3 - 20*m**3 - 26*m**3 - 15*m**3 - 3. Determine b(4).
-3
Let z(a) = 29*a**2 - 28*a**2 + 2*a**2. Let d be 1/3*9/1. Suppose 0 = 3*r + d. Give z(r).
3
Let s(m) = -m - 1. Let j be -1 + ((-219)/(-45) - 8/(-60)). Suppose -82*o + j = -81*o. Give s(o).
-5
Let g(a) = 23*a + 27. Let w(u) = 11*u + 13. Let t(k) = 4*g(k) - 9*w(k). Give t(4).
-37
Let x(b) = -b**3 + 5*b**2 - 3*b + 3. Let f(k) = k**3 - 5*k**2 + 3*k - 4. Let q(c) = 3*f(c) + 4*x(c). Suppose -142*n - 205 = -183*n. Determine q(n).
-15
Let b(n) = 0 - n - 2*n**2 - n**3 - 2*n**2 + 1. Suppose 5*q + 4 = 3*q. Let c = q + -2. Determine b(c).
5
Let n(k) = k**3 + 22*k**2 - 161*k - 39. Let i be n(6). Let s(t) be the first derivative of 2/3*t**3 - 4*t - 1/4*t**4 + 2 + 1/2*t**2. Determine s(i).
-10
Let t(b) be the second derivative of -b**3/6 + 5*b**2 - 5*b - 10. What is t(6)?
4
Let j(k) be the second derivative of -k**5/20 + 13*k**4/12 - 3*k**2 + 22*k. Give j(13).
-6
Suppose -2*c = 4*h - 0 + 34, -4*h + 5*c + 1 = 0. Let f(x) = 4*x + 7. What is f(h)?
-17
Let f(l) = -l**2 - 15*l - 9. Let z be f(-16). Let p = z - -26. Let q(a) = 9*a**3 + a**2 - 2*a. Let c(k) = -k**3 + k. Let w(d) = c(d) + q(d). Give w(p).
8
Let x(y) be the third derivative of 1/60*y**5 - 5/24*y**4 + 15*y**2 + 0*y + 0 + 1/6*y**3. What is x(3)?
-5
Let j(m) = -m**3 - 6*m**2 + 3. Let v be j(-6). Let s(a) = -75*a - 2 + 0 + a**2 + 75*a. Determine s(v).
7
Let d(o) = -o**3 + 6*o**2 + 5*o + 8. Let p(z) = -z**3 - 2*z**2 + 5*z - 8. Let y be p(-4). Let h = y - -3. Determine d(h).
-6
Let h(l) = 4*l + 1. Suppose 6 = -2*n + 5*n, 0 = -3*o - 3*n + 3. Give h(o).
-3
Suppose 27*v = 24*v - 12. Let k(y) = -2*y**3 - 6*y**2 + 22*y + 17. Let d(w) = w**3 + 3*w**2 - 12*w - 9. Let o(r) = 5*d(r) + 3*k(r). Calculate o(v).
-2
Let u(v) be the second derivative of -v**5/20 + 7*v**4/12 - v**3/2 - 5*v**2/2 + 3*v - 6. Give u(6).
13
Let g(h) = -5*h**2 + 10*h - 7. Let m(x) = 4*x**2 + 6*x - 6. Let v(i) = -5*i**2 - 7*i + 7. Let j(q) = 6*m(q) + 5*v(q). Let z(f) = -g(f) + 4*j(f). What is z(4)?
-5
Let a(d) be the first derivative of d**4/2 - d**2/2 + d + 5. Let b(j) = -2*j**2 - 15*j + 9. Let r be b(-8). Calculate a(r).
2
Let c(g) = -403*g**2 - 403*g**2 - g**3 + 2 - g + 800*g**2 + 3. What is c(-5)?
-15
Let b(w) = 2*w**3 - 6*w**2 + 6. Suppose 66*u - 62*u + 5*h - 12 = 0, 0 = -u - 3*h + 3. What is b(u)?
6
Let z(m) = -17*m**3 + 11*m**2 - 10*m + 7. Let f(x) = 12*x**3 - 7*x**2 + 7*x - 5. Let t(g) = -7*f(g) - 5*z(g). Determine t(7).
56
Let f(d) = -5*d. Let s(z) = 3*z - 6. Let c(i) = -f(i) - s(i). Let a(j) = -j**3 - 5*j**2 - 3*j. Let r be a(-2). Determine c(r).
-6
Suppose 67 = d - 4*y, -3*d + 5*y = d - 235. Let z = 61 - d. Let f(m) = m**2 - 5*m - 2. Determine f(z).
4
Let z(j) = -j**3 + 3*j**2 - 2*j + 5. Let i be z(0). Let x(k) = -k + 10. Calculate x(i).
5
Let w(t) = -t**3 - 5*t**2 - 6*t. Let l(n) = -7*n**3 + 8*n**3 - 30 + 12*n**2 - 15*n + 0*n. Let d be l(-13). Give w(d).
8
Let v(d) be the second derivative of 2*d**2 + 1/12*d**4 + 0 + 15*d - 5/6*d**3. Calculate v(5).
4
Let y(s) = s**2 - 2 - 394*s**3 + 395*s**3 - 3*s**2. What is y(4)?
30
Suppose y + 37*o = 41*o + 33, -3*y + o + 44 = 0. Let k(i) = i**2 - 13*i + 5. Give k(y).
5
Let w(k) = -5*k + 3*k**2 - 2*k + k**3 - 7*k + 4*k + 3*k. Let b(g) = -g**3 - g**2 + g + 4. Let p be b(0). Let o be -2 - (-1 + p - 0). What is w(o)?
-15
Let n(u) be the second derivative of u**5/20 - 2*u**4/3 + 4*u**3/3 - 7*u**2/2 - 2*u + 15. Give n(7).
0
Let k = 9 + -5. Let l(p) = 2*p**2 - 3*p + 5. Let o(q) = -1. Let c(u) = -l(u) - 5*o(u). What is c(k)?
-20
Let z(w) = -w**3 - 13*w**2 + 14*w + 5. Let v be z(-14). Suppose 0 = 2*f + v - 9. Let r(n) = n**3 + n**2 + 3*n - 1. Calculate r(f).
17
Let m(q) = 3 - 1 + 2*q + 0*q + 2. Let i(a) = -4*a + 3. Let f be i(3). Let z be -2 - (f/(-3) + -10). Determine m(z).
14
Suppose -4*g + 4*q = -60, -4*g - 2*q - 20 = -5*g. Let c(m) = -m**3 + 9*m**2 + 6*m + 9. Determine c(g).
-31
Let s(o) = -9*o - 230. Let k be s(-26). Let p(r) = -r**3 + 6*r**2 - 4*r - 1. Calculate p(k).
15
Let n(k) be the second derivative of 10*k - 1/6*k**3 - 4 - 2*k**2. Determine n(-3).
-1
Let o(y) = 2*y**3 - 8*y**2 - 11*y - 6. Let s(b) = -2*b**3 + 9*b**2 + 13*b + 7. Let q(j) = -6*o(j) - 5*s(j). Give q(3).
-23
Suppose -1255*j + 1252*j - 6 = 0. Let o(c) = 3*c**3 + 2*c**2 - 3*c - 2. What is o(j)?
-12
Let u = 217 - 221. Let i(k) = 4*k - 4. What is i(u)?
-20
Let k = -2438 + 2443. Let s(q) = -q**2 + q - 1. Let t(i) = -6*i**2 + 13*i - 9. Let j(x) = -5*s(x) + t